7092 is divided by 2432?
68
Calculate the remainder when 37875 is divided by 11500.
3375
What is the remainder when 3916351 is divided by 662?
621
Calculate the remainder when 400997 is divided by 3815.
422
What is the remainder when 4429365 is divided by 53365?
70
What is the remainder when 658244 is divided by 26317?
319
What is the remainder when 42343621 is divided by 2?
1
What is the remainder when 14382536 is divided by 113?
9
What is the remainder when 2802001 is divided by 513?
508
What is the remainder when 6577370 is divided by 964?
962
Calculate the remainder when 39279409 is divided by 898.
889
What is the remainder when 101060438 is divided by 186803?
15
What is the remainder when 2914641 is divided by 2504?
2489
Calculate the remainder when 25898642 is divided by 92.
90
What is the remainder when 212711 is divided by 70894?
29
What is the remainder when 240376 is divided by 367?
358
Calculate the remainder when 730856 is divided by 20.
16
What is the remainder when 470596 is divided by 1597?
1078
What is the remainder when 10021257 is divided by 1552?
1545
What is the remainder when 17964977 is divided by 1056763?
6
Calculate the remainder when 14097378 is divided by 114.
24
Calculate the remainder when 610621943 is divided by 12.
11
What is the remainder when 1380559 is divided by 5706?
5413
Calculate the remainder when 1481868 is divided by 164651.
9
Calculate the remainder when 92816741 is divided by 2062594.
11
What is the remainder when 1589326 is divided by 33109?
94
Calculate the remainder when 175811788 is divided by 165.
163
Calculate the remainder when 208802 is divided by 19.
11
Calculate the remainder when 930218 is divided by 660.
278
What is the remainder when 12092993 is divided by 21?
17
Calculate the remainder when 63748316 is divided by 885.
881
What is the remainder when 559130 is divided by 90?
50
What is the remainder when 67528430 is divided by 9646916?
18
What is the remainder when 22067 is divided by 2458?
2403
Calculate the remainder when 290274 is divided by 110.
94
Calculate the remainder when 2213077 is divided by 334.
327
Calculate the remainder when 9811865 is divided by 245296.
25
What is the remainder when 672271 is divided by 291?
61
Calculate the remainder when 267642240 is divided by 747604.
8
What is the remainder when 153862730 is divided by 177?
170
Calculate the remainder when 316554 is divided by 701.
403
What is the remainder when 544543 is divided by 544497?
46
Calculate the remainder when 6490448 is divided by 26066.
14
Calculate the remainder when 36649 is divided by 3285.
514
Calculate the remainder when 155795538 is divided by 12.
6
What is the remainder when 1738772797 is divided by 3824?
3821
What is the remainder when 9655027 is divided by 35?
32
Calculate the remainder when 86699 is divided by 561.
305
Calculate the remainder when 48980 is divided by 48528.
452
What is the remainder when 551692 is divided by 2172?
4
Calculate the remainder when 56425 is divided by 762.
37
What is the remainder when 813436 is divided by 3085?
2081
Calculate the remainder when 394976 is divided by 142.
74
What is the remainder when 207102538 is divided by 1812?
1810
What is the remainder when 450969 is divided by 3524?
3421
Calculate the remainder when 2863343 is divided by 45.
38
What is the remainder when 337667 is divided by 24119?
1
What is the remainder when 196015 is divided by 4170?
25
Calculate the remainder when 40985 is divided by 10166.
321
Calculate the remainder when 12455 is divided by 639.
314
Calculate the remainder when 159064 is divided by 6617.
256
What is the remainder when 1313833 is divided by 693?
598
Calculate the remainder when 91723 is divided by 1311.
1264
Calculate the remainder when 2157342 is divided by 481.
57
Calculate the remainder when 43085 is divided by 20968.
1149
What is the remainder when 1970646997 is divided by 1000?
997
What is the remainder when 4420204 is divided by 3102?
2956
What is the remainder when 108749 is divided by 3749?
28
What is the remainder when 162530 is divided by 22371?
5933
Calculate the remainder when 38652205 is divided by 10.
5
Calculate the remainder when 54910 is divided by 68.
34
Calculate the remainder when 16839 is divided by 1011.
663
What is the remainder when 2389795 is divided by 796596?
7
What is the remainder when 16493487 is divided by 3525?
12
Calculate the remainder when 1429528 is divided by 24229.
17
What is the remainder when 992727 is divided by 4574?
169
What is the remainder when 15091875 is divided by 471621?
3
What is the remainder when 4445996 is divided by 130?
126
Calculate the remainder when 1071 is divided by 4.
3
Calculate the remainder when 10152248 is divided by 51.
35
What is the remainder when 1226222 is divided by 479?
461
What is the remainder when 86940838 is divided by 12259?
10
What is the remainder when 223072 is divided by 74348?
28
Calculate the remainder when 321492 is divided by 413.
178
Calculate the remainder when 3302438 is divided by 77.
62
Calculate the remainder when 76446278 is divided by 1945.
1943
Calculate the remainder when 1702938 is divided by 584.
578
What is the remainder when 198194831 is divided by 16?
15
Calculate the remainder when 123985 is divided by 41266.
187
Calculate the remainder when 999004 is divided by 775.
29
What is the remainder when 18337 is divided by 2868?
1129
What is the remainder when 78772 is divided by 903?
211
Calculate the remainder when 4784484 is divided by 114.
18
Calculate the remainder when 239030 is divided by 59749.
34
Calculate the remainder when 997501966 is divided by 18.
16
Calculate the remainder when 76663 is divided by 8030.
4393
What is the remainder when 351424 is divided by 1555?
1549
Calculate the remainder when 67775 is divided by 740.
435
Calculate the remainder when 1917075 is divided by 958536.
3
What is the remainder when 2108830 is divided by 702939?
13
What is the remainder when 1423180 is divided by 71154?
100
What is the remainder when 290068 is divided by 727?
722
What is the remainder when 607798 is divided by 207?
46
Calculate the remainder when 95756830 is divided by 4559849.
1
What is the remainder when 882065 is divided by 31489?
373
What is the remainder when 6328689 is divided by 1532?
1529
What is the remainder when 7776416 is divided by 213?
212
Calculate the remainder when 223181685 is divided by 1086.
1083
What is the remainder when 20499548 is divided by 48?
44
Calculate the remainder when 905364 is divided by 370.
344
What is the remainder when 62222 is divided by 6084?
1382
Calculate the remainder when 16554100 is divided by 827705.
0
What is the remainder when 7897431 is divided by 13?
9
What is the remainder when 2286550 is divided by 4?
2
What is the remainder when 148601 is divided by 145061?
3540
Calculate the remainder when 914147 is divided by 643.
444
What is the remainder when 4703508 is divided by 9133?
13
Calculate the remainder when 5735 is divided by 5721.
14
Calculate the remainder when 457297 is divided by 338.
321
Calculate the remainder when 473236 is divided by 9100.
36
What is the remainder when 4448804 is divided by 2224398?
8
What is the remainder when 2137731 is divided by 1059?
669
Calculate the remainder when 2640152 is divided by 1845.
1802
What is the remainder when 51636378 is divided by 71?
66
Calculate the remainder when 51146237 is divided by 11.
10
What is the remainder when 27997987 is divided by 74?
13
Calculate the remainder when 403361 is divided by 378.
35
What is the remainder when 398538381 is divided by 117?
111
Calculate the remainder when 147404 is divided by 147380.
24
What is the remainder when 3791073 is divided by 7?
6
What is the remainder when 6491980 is divided by 145?
40
Calculate the remainder when 321476 is divided by 160625.
226
Calculate the remainder when 6680453 is divided by 1730.
923
Calculate the remainder when 10141736 is divided by 906.
878
Calculate the remainder when 415972 is divided by 46180.
352
Calculate the remainder when 7484348 is divided by 170095.
168
What is the remainder when 37791616 is divided by 29?
5
What is the remainder when 295121229 is divided by 336?
333
Calculate the remainder when 241922542 is divided by 11.
4
Calculate the 